28 = -s. Let u = b - s. What is the units digit of u?
6
Suppose -771677 - 1525209 = -134*x + 246434. What is the thousands digit of x?
8
Let p(s) = 17*s - 46. Let a be p(3). What is the hundreds digit of 1456/(-20)*a*(-3)/6?
1
Let d = -4176 + 25950. What is the ten thousands digit of d?
2
Suppose -81*s + 2*x - 4684 = -85*s, 4*x = -5*s + 5861. What is the units digit of s?
9
Let n = -611 - -2478. Suppose 0*g + j = 5*g + n, -4*j = g + 386. What is the units digit of g/(-8) + (66/24)/11?
7
What is the thousands digit of (-20)/(-50)*25 + 3978?
3
Suppose 0 = -389*l + 188*l + 197*l + 181568. What is the ten thousands digit of l?
4
Let n be -28*222/(-3) + -4 + 7. Suppose -45*u + 40*u + n = 0. Suppose -2*t = 3*t - u. What is the tens digit of t?
8
Suppose -30*z - 3900 = -31*z + 4*y, 3*z = -4*y + 11684. What is the tens digit of z?
9
Let d = -706 + 1249. Let c = 969 - d. What is the hundreds digit of c?
4
Let i(a) be the second derivative of -11*a**3/6 - 7*a**2/2 + 9*a. Let g be i(4). What is the units digit of g/2*(4 + -6) + 2?
3
Suppose 2*v + 5*z + 2 = 5, 3*v - 4*z = 16. Suppose -r + 55 = d + 18, v*r + 5*d = 151. Suppose -2*s + r + 0 = 0. What is the tens digit of s?
1
Suppose 5*p - p + 5*g + 36 = 0, -2*g = -3*p - 4. Let w(l) = -2*l**2 - 14*l - 14. Let t be w(-8). What is the units digit of ((-15)/p)/(t/(-400))?
0
Suppose 0 = -22*m + 131313 + 374247. What is the ten thousands digit of m?
2
Let n(f) = 14*f**2 - 2*f + 4. Let r = -9 - -3. What is the units digit of n(r)?
0
Let u = -3143 - -1198. Let p = 651 + u. What is the tens digit of 12/(-30) - p/10?
2
Let c(s) = -s**3 - 17*s**2 - 95*s + 64. Let t(x) = -4*x**2 - 24*x + 16. Let n(v) = 2*c(v) - 9*t(v). What is the thousands digit of n(-10)?
1
Let i be ((-6)/21*-1398)/(50/175). Suppose -3*m = -798 - i. What is the tens digit of m?
3
Suppose -488240 = -79*m + 59*m. What is the thousands digit of m?
4
Suppose -33*q = 81*q - 684570. What is the hundreds digit of q?
0
Suppose -5*d + 179888 = -2*a, 17*a = 19*a + 8. What is the ten thousands digit of d?
3
Let b be ((-9)/(-3) - 4)/(2/(-14)). Suppose -b*v = v. Suppose v = 8*p - 9*p + 35. What is the tens digit of p?
3
Suppose 5*u + 3*x - 47 = 0, 4*x = 2*u + 3*x - 10. Suppose 2*f = 3*f - u. Suppose f*p + 92 = 9*p. What is the units digit of p?
6
Let y = 81211 - 39212. What is the units digit of y?
9
Suppose -2*t + 8152 + 4737 = -3*s, 3*t - 19333 = 5*s. What is the hundreds digit of t?
4
Let i(g) = -60*g - 290. Let w(y) = 116*y + 579. Let a(r) = -5*i(r) - 3*w(r). What is the tens digit of a(-33)?
9
Let j be 3/(-2 + (-92)/(-40)). Suppose -j = -5*b - 70. What is the tens digit of 8/(-2)*75/b?
2
Let t(g) = -2*g - 4. Let k be t(-4). Let r(n) = -7*n + 59. Let q be r(8). Suppose -k*s = -3*c - 131, 8 = -c + q. What is the units digit of s?
9
Suppose -46 = 4*p - 58. Suppose l - 3*k - 101 = 0, 3*l + p*k - 211 = 152. Suppose 0 = 2*n + 5*s - 65 - 0, -4*n + 4*s + l = 0. What is the tens digit of n?
3
What is the thousands digit of 103803*10*(-10)/(-300) + (7 - 0)?
4
Suppose 20792 = 10*q + 10587 - 10415. What is the tens digit of q?
6
Let u be 0 + (-350 - (4 + -6)). What is the hundreds digit of 0/(-4) - (u + 3)?
3
Let h = -1719 - -9575. What is the units digit of h?
6
Let r = -955 - -1962. Let a = -738 + r. What is the hundreds digit of a?
2
Let l(t) be the third derivative of t**5/20 + t**4/4 - 43*t**3/6 + 66*t**2. What is the hundreds digit of l(7)?
1
Let z(r) = r + 30 - 13*r**2 + 75 + 12*r**2 - 26. Let p = 32 - 32. What is the units digit of z(p)?
9
Let u(c) = -c**3 + 17*c**2 + 16*c + 16. Let r(n) = n**2 - 4*n - 6. Let t be r(-3). What is the units digit of u(t)?
6
Let b(y) = 16*y + 8. Let a be b(2). Suppose a*w + 889 = 41*w. What is the tens digit of w?
8
Suppose 9*j + 20 = 227. Suppose -j = -3*z - 5*v, z - 84 = -3*z + 4*v. Suppose 0 = -3*d + 17 + z. What is the units digit of d?
1
Suppose -14*f = u - 17*f - 1324, 3984 = 3*u - 5*f. What is the thousands digit of u?
1
Suppose 4 = 4*j - 4. Suppose -11*i = -0*i + j*i. Suppose -4*y + 5*w + 279 + 292 = i, w = 2*y - 281. What is the tens digit of y?
3
Let d = -13680 + 29380. What is the units digit of d?
0
Let m(g) = 5*g**2 - 17*g + 104. Let k be m(15). Suppose -3*p + 4*i = -6*p + 2908, p - k = i. What is the hundreds digit of p?
9
Let r(j) = 2*j + 12. Let m be r(-8). Let t be m - (-12 + 6) - (-1 - 0). Suppose 3*h + 209 = -4*x + 879, -3*x = -t*h + 663. What is the units digit of h?
2
Let c(s) = -996*s - 1406. What is the thousands digit of c(-9)?
7
Let w = -66 - -82. Let b = w - 3. Suppose -4*h - 3*m - b + 74 = 0, -3*m - 72 = -3*h. What is the units digit of h?
9
Let v be (-1 + -4)/((3/4)/(-3)). Suppose 3*h - 3*q = 0, h - 4*h + v = q. Suppose 5*n - 2*j = -99 + 542, 0 = -h*n - 2*j + 427. What is the units digit of n?
7
Let x(s) = -s**2 + 7*s - 11. Let j be x(4). Let t(i) = -3*i - 4. Let l(p) = -p - 1. Let b(q) = j*t(q) + 3*l(q). What is the units digit of b(-10)?
3
Let r be 3 + 10024/7 - -8. Suppose 3*k - 4337 = x, -4*k - x = -3*k - r. What is the hundreds digit of k?
4
What is the tens digit of 528 - (1*3/33 + 72/(-66))?
2
Let m(z) = z**3 + 2*z**2 - 7*z + 5. Let p be m(4). Suppose p = 5*y + 68. What is the units digit of 448/4 - (-1 + y) - -1?
3
Let l be (7 - 2)*(-24)/(-5). Suppose 8*o + l = 6*o. Let f = o + 45. What is the tens digit of f?
3
Let l(d) = 37455*d**3 - 35*d**2 - 4*d + 4. What is the thousands digit of l(1)?
7
Let d be ((-178)/14 - 32/112)*7. Let c(a) = 42*a + 4. Let v be c(4). Let l = d + v. What is the units digit of l?
1
Let p = 30646 - 12106. What is the tens digit of p?
4
Let i(g) be the first derivative of g**3/3 + 214*g + 7. Let s be i(0). Suppose -5*k + 3*h + s = 0, 2*k - 2*h - 129 = -k. What is the tens digit of k?
4
Suppose -239*q - 1435 = -244*q. Suppose 5*x - 563 - q = 0. What is the units digit of x?
0
Let p(s) = 4*s**3 - 2*s**2 + 12*s - 159. What is the tens digit of p(13)?
4
Let a(q) be the second derivative of -21/2*q**2 - q - 11*q**3 + 14. What is the hundreds digit of a(-4)?
2
Let j be (-18)/27*63/(-14). Suppose 7*a + 5*m = 2*a + 3860, j*m = -a + 780. What is the tens digit of a?
6
Let q be 29817/(-2)*(-112)/(-42). What is the units digit of (-1)/5 - 17/(510/q)?
5
Suppose 2*a - 200 = 7*a. Let t = a - -44. Suppose 5*c - 315 = -t*o, -2*o - 3*c = -62 - 95. What is the tens digit of o?
8
Let p = -699 + 4284. What is the thousands digit of p?
3
Let t be 926/10 - (6 + 256/(-40)). Suppose -h = 5*s - 87, 0 = -3*s + 2*h + t - 33. What is the tens digit of s?
1
Let c be (22 + (-18)/3)*2. What is the tens digit of 0 - (212/(-6))/(c/528)?
8
Suppose -4 = -4*p + 4*a, p + p - 4*a = 0. Let w be p*-1 + (1 - 3)/(-1). Suppose w = -2*j + 10, -936 = -5*q + 2*j - 126. What is the tens digit of q?
6
Let n = 103613 - 32223. What is the hundreds digit of n?
3
Let n = 7472 - -11931. Suppose -19*v + n = 7414. What is the hundreds digit of v?
6
Suppose 0 = b - 5*b + 20. Suppose -2*a + 338 = -b*i - 10, 3*a - 4*i = 515. What is the tens digit of a?
6
Suppose 0 = -3*u + 6825 + 6087. What is the thousands digit of u?
4
Suppose 0 = 25*o + 8*o - 794150 + 82109. What is the hundreds digit of o?
5
Let z = -185 + 180. What is the hundreds digit of 261 + 12 + z - 3?
2
Let u = 320 - 317. Suppose 2*f = 4*y - 4070, -u*y + 0*y + 5*f = -3056. What is the thousands digit of y?
1
Let w = 1694 - -54297. What is the hundreds digit of w?
9
Let x(h) be the first derivative of -117*h**2 + 43*h + 60. What is the tens digit of x(-5)?
1
Let w be 51/15 - 4/10. Let j be (4*3)/(w/32*-2). What is the units digit of j/(0 + 4 + -5)?
4
Suppose -y + w = -665 - 91, -5 = -w. Suppose y = 2*j + 5*z, 5*j = 2*j + 3*z + 1194. What is the tens digit of j?
9
Suppose 26 = -i + 3*u + 143, -485 = -4*i - 5*u. What is the units digit of (4 - 24/(-9))*i?
0
What is the hundreds digit of (-143300)/(-60)*27/15?
2
Let k = -153 + 155. Suppose -a - 2*b + 5*b = -713, 5*a = k*b + 3565. What is the tens digit of a?
1
Suppose 1483122 = 184*s - 33*s. What is the units digit of s?
2
Suppose -5*d + 8 = 15*n - 12*n, d = 4*n + 20. What is the tens digit of 9044/21 + -6*n/18?
3
Suppose 132965 - 904885 = 20*x - 60*x. What is the ten thousands digit of x?
1
Let v = 9 + -3. Suppose 0 = -v*c + 17 + 7. Suppose -16 = -l + 2*n + 28, 5*l - 208 = c*n. What is the units digit of l?
0
What i